{"id":271,"date":"2018-12-18T12:45:21","date_gmt":"2018-12-18T11:45:21","guid":{"rendered":"http:\/\/karateclubmenucourt.fr\/?page_id=271"},"modified":"2025-12-26T16:37:14","modified_gmt":"2025-12-26T15:37:14","slug":"passages-de-grade","status":"publish","type":"page","link":"https:\/\/karateclubmenucourt.fr\/index.php\/passages-de-grade\/","title":{"rendered":"Passage de grades"},"content":{"rendered":"\n<p>Le passage de grades aura lieu en Mai. Dominique vous fournira tous les \u00e9l\u00e9ments relatifs \u00e0 ces passages de grades les cours pr\u00e9c\u00e9dants.<\/p>\n\n\n\n<p>Le passage de grade n&rsquo;est pas une fin en soi. Il refl\u00e8te simplement la progression de l\u2019\u00e9l\u00e8ve &#8230; <\/p>\n\n\n\n<p>Au KCM plusieurs crit\u00e8res sont pris en compte :<\/p>\n\n\n\n<ul class=\"wp-block-list\">\n<li>L&rsquo;assiduit\u00e9 aux cours<\/li>\n\n\n\n<li>Le travail fourni pendant les s\u00e9ances<\/li>\n\n\n\n<li>La justesse dans les techniques et la pers\u00e9v\u00e9rance fournies par l&rsquo;\u00e9l\u00e8ve <\/li>\n\n\n\n<li>Les r\u00e9sultats scolaires<\/li>\n<\/ul>\n\n\n\n<p>Partant du principe que le karat\u00e9 est un travail physique mais \u00e9galement c\u00e9r\u00e9bral, nous insistons aupr\u00e8s de nos jeunes adh\u00e9rents sur les valeurs du Karat\u00e9 que sont:<\/p>\n\n\n\n<ul class=\"wp-block-list\">\n<li>L\u2019HONNEUR : MEIYO<\/li>\n\n\n\n<li>LA FIDELITE : CHUJITSU<\/li>\n\n\n\n<li>LA SINCERITE : SEIJITSU ou MAKOTO<\/li>\n\n\n\n<li>LA BONTE et LA BIENVEILLANCE : SHINSETSU<\/li>\n\n\n\n<li>LE COURAGE : YUUKI ou YUUKAN<\/li>\n\n\n\n<li>LA MODESTIE et L\u2019HUMILITE : KEN<\/li>\n\n\n\n<li>LA DROITURE : TADASHI ou SEI<\/li>\n\n\n\n<li>LE RESPECT : SONCHOO<\/li>\n\n\n\n<li>LE CONTR\u00d4LE DE SOI : SEIGYO<\/li>\n<\/ul>\n\n\n\n<p>De v\u00e9ritables valeurs de la vie &#8230;<\/p>\n\n\n\n<div class=\"wp-block-file\"><a id=\"wp-block-file--media-16505f0f-7466-4666-9253-5fbd4e4c17a1\" href=\"https:\/\/karateclubmenucourt.fr\/wp-content\/uploads\/2025\/12\/Programme-passage-de-grades-KCM-Vmomo.xlsx\">PASSAGE DE GRADES KCM <\/a><a href=\"https:\/\/karateclubmenucourt.fr\/wp-content\/uploads\/2025\/12\/Programme-passage-de-grades-KCM-Vmomo.xlsx\" class=\"wp-block-file__button wp-element-button\" download aria-describedby=\"wp-block-file--media-16505f0f-7466-4666-9253-5fbd4e4c17a1\">T\u00e9l\u00e9charger<\/a><\/div>\n\n\n\n<p><\/p>\n","protected":false},"excerpt":{"rendered":"<p>Le passage de grades aura lieu en Mai. Dominique vous fournira tous les \u00e9l\u00e9ments relatifs \u00e0 ces passages de grades les cours pr\u00e9c\u00e9dants. Le passage de grade n&rsquo;est pas une fin en soi. Il refl\u00e8te simplement la progression de l\u2019\u00e9l\u00e8ve <a class=\"more-link\" href=\"https:\/\/karateclubmenucourt.fr\/index.php\/passages-de-grade\/\">Continuer la lecture <span class=\"screen-reader-text\">  Passage de grades<\/span><span class=\"meta-nav\">&rarr;<\/span><\/a><\/p>\n","protected":false},"author":1,"featured_media":0,"parent":0,"menu_order":0,"comment_status":"closed","ping_status":"closed","template":"","meta":{"footnotes":""},"class_list":["post-271","page","type-page","status-publish","hentry"],"jetpack_sharing_enabled":true,"_links":{"self":[{"href":"https:\/\/karateclubmenucourt.fr\/index.php\/wp-json\/wp\/v2\/pages\/271","targetHints":{"allow":["GET"]}}],"collection":[{"href":"https:\/\/karateclubmenucourt.fr\/index.php\/wp-json\/wp\/v2\/pages"}],"about":[{"href":"https:\/\/karateclubmenucourt.fr\/index.php\/wp-json\/wp\/v2\/types\/page"}],"author":[{"embeddable":true,"href":"https:\/\/karateclubmenucourt.fr\/index.php\/wp-json\/wp\/v2\/users\/1"}],"replies":[{"embeddable":true,"href":"https:\/\/karateclubmenucourt.fr\/index.php\/wp-json\/wp\/v2\/comments?post=271"}],"version-history":[{"count":14,"href":"https:\/\/karateclubmenucourt.fr\/index.php\/wp-json\/wp\/v2\/pages\/271\/revisions"}],"predecessor-version":[{"id":1694,"href":"https:\/\/karateclubmenucourt.fr\/index.php\/wp-json\/wp\/v2\/pages\/271\/revisions\/1694"}],"wp:attachment":[{"href":"https:\/\/karateclubmenucourt.fr\/index.php\/wp-json\/wp\/v2\/media?parent=271"}],"curies":[{"name":"wp","href":"https:\/\/api.w.org\/{rel}","templated":true}]}}